5732 - -46?
-15697
In base 4, what is 2102331 + -3?
2102322
In base 11, what is 6aa + 290?
98a
In base 14, what is -3400c9 + -2?
-3400cb
In base 8, what is -2 - 254336?
-254340
In base 3, what is 20112200001 - 11?
20112122220
In base 8, what is -24 + 1052?
1026
In base 3, what is -10 + 220102020011?
220102020001
In base 7, what is -1 + -65166?
-65200
In base 3, what is 1010012 + -2110?
1000202
In base 6, what is 35 - -102042?
102121
In base 10, what is 441 - -2037?
2478
In base 8, what is -170 + -11060?
-11250
In base 11, what is 3033 - -45?
3078
In base 11, what is a - -6122?
6131
In base 2, what is -100010100001001 - -11?
-100010100000110
In base 3, what is 11 + -102200122?
-102200111
In base 14, what is 942 + -2d?
913
In base 13, what is 1 - 11ca8?
-11ca7
In base 3, what is -20 + 1111210?
1111120
In base 2, what is 1001101111101110110 + -1?
1001101111101110101
In base 4, what is -2200 + -2212330?
-2221130
In base 4, what is -1123323 - 123?
-1130112
In base 15, what is -632b - 5?
-6331
In base 10, what is 15277 - 5?
15272
In base 13, what is -c + 26b45?
26b36
In base 5, what is -2400120 - -333?
-2344232
In base 15, what is 2c9b - 4?
2c97
In base 13, what is -b5 - 460?
-545
In base 15, what is -19469a + -1?
-19469b
In base 7, what is -2 + 2236542?
2236540
In base 10, what is 1683989 - 1?
1683988
In base 9, what is 31 - 3426?
-3385
In base 14, what is 190699 - 0?
190699
In base 11, what is 70 + 275?
335
In base 10, what is 32238 - 2?
32236
In base 14, what is 1745 + 33?
1778
In base 6, what is 400311251 + 1?
400311252
In base 5, what is 2 + -4022301?
-4022244
In base 9, what is -122573 - 4?
-122577
In base 6, what is 5 + -33353221?
-33353212
In base 10, what is -70802 - 3?
-70805
In base 15, what is -14d + -30b?
-459
In base 6, what is -122504 - -35?
-122425
In base 16, what is -5 + -1bf3?
-1bf8
In base 4, what is -223101020 - 3?
-223101023
In base 5, what is -1240 + 10124?
3334
In base 16, what is 4b642b + -5?
4b6426
In base 15, what is 877 - -d?
885
In base 14, what is -289 + -c7?
-372
In base 3, what is -2022200000020 + 1?
-2022200000012
In base 4, what is 303230 - -121?
310011
In base 15, what is 1be + 4a7?
676
In base 4, what is -3211232222 - 11?
-3211232233
In base 14, what is -19391 + 2?
-1938d
In base 10, what is 207 - -311?
518
In base 8, what is -40454 - -4?
-40450
In base 9, what is -233 - 0?
-233
In base 14, what is -10 - 2d201?
-2d211
In base 15, what is 83 + -aed6?
-ae53
In base 14, what is -42950 + -4?
-42954
In base 16, what is -45fa - 28?
-4622
In base 9, what is 3 + -34832?
-34828
In base 5, what is -222 + 42234?
42012
In base 7, what is -4156 - 251?
-4440
In base 11, what is -4 + -272115?
-272119
In base 14, what is 4 - -17a0a?
17a10
In base 15, what is 2a4 - 15b?
148
In base 16, what is c - -1f25?
1f31
In base 16, what is 2623 + ae?
26d1
In base 4, what is 1130 + 13330?
21120
In base 3, what is 12021220110 + 12?
12021220122
In base 5, what is 10 - -222120?
222130
In base 10, what is -8942 - 2?
-8944
In base 9, what is 4 - -60431?
60435
In base 14, what is 596 - -c7?
67d
In base 8, what is 26543 - 1?
26542
In base 13, what is 55a5 + -5?
55a0
In base 9, what is 1136138 + 5?
1136144
In base 16, what is -762dc5 + 3?
-762dc2
In base 2, what is 100111010100000100 - 101?
100111010011111111
In base 13, what is c860 - 2a?
c833
In base 2, what is 1000000110101 - 111?
1000000101110
In base 2, what is 1011101001101 - 11?
1011101001010
In base 11, what is 14936 + 7?
14942
In base 2, what is 100001110110 - 101?
100001110001
In base 4, what is 2 - 1030012?
-1030010
In base 12, what is 3817 + 10?
3827
In base 8, what is 21431 - -35?
21466
In base 14, what is -259a77 + 0?
-259a77
In base 7, what is 225 + 2661?
3216
In base 5, what is 14210343 - -1?
14210344
In base 13, what is -210b + 45?
-2096
In base 8, what is -700 - -2264?
1364
In base 3, what is -2 + -1012022110001?
-1012022110010
In base 3, what is 2110020000 - 2212?
2110010011
In base 10, what is 3810 - 5?
3805
In base 4, what is -3011213000 + 1?
-3011212333
In base 3, what is 20001221002 - 12?
20001220220
In base 4, what is 10011 + 2101300?
2111311
In base 8, what is -22 + -32574?
-32616
In base 15, what is 18 + -84c0?
-84a7
In base 2, what is -1011010000110111011 + -10?
-1011010000110111101
In base 11, what is 1 - -276073?
276074
In base 2, what is 10 + 11010111101101?
11010111101111
In base 4, what is -3 + 3320133330?
3320133321
In base 12, what is -14 + -7?
-1b
In base 11, what is 12 + -2327?
-2315
In base 2, what is 10001111011 - 1110111?
10000000100
In base 6, what is -2530 + -24?
-2554
In base 15, what is -67e9 + 14?
-67d5
In base 4, what is -322211 - 1202?
-330013
In base 9, what is 83610 + 1?
83611
In base 16, what is 6a089 + 3?
6a08c
In base 7, what is 1051525 + -4?
1051521
In base 4, what is 11 + 1032231?
1032302
In base 15, what is -336 + -45c?
-793
In base 9, what is 32066 + -6?
32060
In base 16, what is -2 - 11b1?
-11b3
In base 3, what is 20111222 + -2012?
20102210
In base 15, what is -15 + -c2?
-d7
In base 15, what is -b8 + -2b09?
-2bc2
In base 10, what is -4 - -36704?
36700
In base 13, what is c + 236b4?
236c3
In base 4, what is 0 + -110100121?
-110100121
In base 10, what is 150 - -6334?
6484
In base 12, what is -2b - 3696?
-3705
In base 4, what is -1300030 + 12?
-1300012
In base 7, what is 2 - 131165?
-131163
In base 5, what is -1132041 - -12?
-1132024
In base 14, what is 6 + 1053?
1059
In base 8, what is 73 - 1172?
-1077
In base 6, what is -132230 - -13?
-132213
In base 9, what is 1710711 - -2?
1710713
In base 12, what is -3 + 281a0a?
281a07
In base 16, what is 2 + -58bce?
-58bcc
In base 16, what is -1a9c + -2?
-1a9e
In base 16, what is 1ff - -3ae?
5ad
In base 12, what is -21161 - -1?
-21160
In base 16, what is -16f9e - 3?
-16fa1
In base 14, what is 1 + -90a1?
-90a0
In base 13, what is 3a43 - -8?
3a4b
In base 8, what is 1375 + 6?
1403
In base 13, what is 6c2 - 83?
63c
In base 6, what is -21324 + -42?
-21410
In base 6, what is -5 - -202441?
202432
In base 14, what is 26a85c - -1?
26a85d
In base 7, what is -236204 - 1?
-236205
In base 16, what is 32cc + 2?
32ce
In base 8, what is 7 - -2717?
2726
In base 2, what is -10 - -10100100101110111?
10100100101110101
In base 14, what is -16c + 60?
-10c
In base 10, what is 50 + -21537?
-21487
In base 13, what is 41a96 + 0?
41a96
In base 12, what is -4a8 + -17b6?
-20a2
In base 2, what is 10 - -10011000111010011001?
10011000111010011011
In base 12, what is -a9179 + 4?
-a9175
In base 6, what is 254340055 + -4?
254340051
In base 6, what is 11430241 - 2?
11430235
In base 13, what is -9100 - 60?
-9160
In base 4, what is -10322 + 200021?
123033
In base 3, what is -21022221 + -10?
-21100001
In base 6, what is -4 - -1040310?
1040302
In base 15, what is 15076 - -5?
1507b
In base 7, what is -162 - 4265?
-4460
In base 6, what is -220040240 - 2?
-220040242
In base 16, what is -4a1 - 4?
-4a5
In base 12, what is 0 - -2b5ba6?
2b5ba6
In base 13, what is -63 + -445?
-4a8
In base 9, what is -305 - -4?
-301
In base 6, what is -5004 - 1?
-5005
In base 6, what is 210 + 4022?
4232
In base 11, what is 5 - 3a1006?
-3a1001
In base 12, what is 34b2a7 + -5?
34b2a2
In base 8, what is 114430 - -4?
114434
In base 4, what is 11223 - 10102?
1121
In base 8, what is -605 - -16?
-567
In base 7, what is 36220 - -1?
36221
In base 12, what is -49 - -45b0?
4563
In base 5, what is -3432014 + 20?
-3431444
In base 4, what is 10 + 1033102?
1033112
In base 11, what is -2 + 8138?
8136
In base 2, what is 110101000110 - -1?
110101000111
In base 10, what is -329503 + -4?
-329507
In base 6, what is 2320353 + 5?
2320402
In base 11, what is 50 + -5147?
-50a7
In base 10, what is -524 - -20?
-504
In base 6, what is 1305 - 152?
1113
In base 9, what is 2 - 447537?
-447535
In base 3, what is 121102101 + -112?
121101212
In base 8, what is 5 + 130515?
130522
In base 7, what is 1454 - 5304?
-3520
In base 10, what is 4 - -355699?
355703
In base 3, what is 1011 + -2012010?
-2010222
In base 11, what is 4 - 64763?
-6475a
In base 6, what is -12 - 11522203?
-11522215
In base 13, what is 574 + -123?
451
In base 4, what is -11 + 1112231013?
1112231002
In base 4, what is 30321103 - 3?
30321100
In base 6, what is -3202 - 1331?
-4533
In base 2, what is 1011111 + -100010?
111101
In base 5, what